f k and 6?
6
Suppose -5*y + 120 = -3*c, y = -3*y - 5*c + 96. Let k = y + -16. What is the highest common factor of 56 and k?
8
Let v(h) = 6*h**3 - 4*h**3 - h - 4*h**3 - 5*h**2 + 1 + h**3. Let a be v(-5). Calculate the highest common divisor of a and 66.
6
Suppose -12 = -o - 3*o. Suppose 0*h = o*h - 54. What is the greatest common divisor of 126 and h?
18
Suppose -5*s + 4*w = 5*w - 258, -6 = 3*w. What is the greatest common factor of 13 and s?
13
Suppose 0 = -3*f - 4*c + 152, 2*f + 7*c - 2*c - 113 = 0. Let t = -21 - -25. Calculate the highest common factor of f and t.
4
Suppose 2*b + 7 = -2*c + 35, -2*c = -2*b - 24. Calculate the greatest common divisor of 104 and c.
13
Let m be -10*(14/(-4) - -3). Let h(r) = 2*r**2 - 6*r + 5. Let b be h(m). Calculate the greatest common divisor of b and 5.
5
Let u be 14/1 - (-3 + 1). Let t(l) = l**3 - 7*l**2 + 8*l - 4. Let k be t(6). What is the highest common factor of k and u?
8
Suppose 5*z - 3*y - 55 = y, 48 = 4*z - 4*y. Suppose -3*g - 120 = -z*g. Calculate the highest common factor of 20 and g.
10
Suppose 2*s = -s + 24. Let d(i) = -i. Suppose 2*c = -2*m - 0 - 2, -3*c = -m + 7. Let k be d(c). Calculate the highest common factor of k and s.
2
Let j be (0 - 18)*8/(-6). What is the greatest common divisor of j and 192?
24
Let f = 6 + -3. Suppose f*t = 42 + 12. Let h(m) = 4*m**2 - 4*m - 3. Let u be h(4). What is the highest common factor of t and u?
9
Let d = -154 + 253. Let r be 15 + -1 - 14/(-14). Let q be (-42)/(-5) - r/(-25). Calculate the highest common divisor of d and q.
9
Suppose -2*g - 2*g + 24 = 0. Let p(d) = 11*d - 9. Let z be p(g). Calculate the highest common divisor of 19 and z.
19
Let t = 55 - 11. What is the greatest common factor of 11 and t?
11
Let x be 2/(-3)*3*-2. Suppose 30 = -x*a + 9*a. Calculate the highest common divisor of 15 and a.
3
Let v be (-20)/1*-1 - 3. Calculate the highest common divisor of 51 and v.
17
Suppose -26 = -6*g + 4*g. Let a = 15 - g. Suppose -2*q + 28 = -2*s, -3*s = -2*q + 3*q - 30. Calculate the highest common factor of a and q.
2
Suppose 3*i = 2*i + 98. Let k = i - 54. What is the greatest common divisor of k and 11?
11
Let l(w) = 3*w**2 - w - 4. Let i be l(4). Let y = -10 + 11. Let h be (-2495)/(-25) + y/5. What is the greatest common divisor of h and i?
20
Let z(v) = -2*v + 3. Let a be z(-3). What is the greatest common divisor of 81 and a?
9
Let h = 179 + -169. Suppose -4*w = -n - 359, -3*w = -6*w - 5*n + 275. What is the highest common divisor of w and h?
10
Let o(n) = n**2 + 18*n - 17. Let k be o(-19). What is the greatest common factor of 18 and k?
2
Suppose -60 = -r - r. Let j = r - 18. What is the highest common factor of 3 and j?
3
Let d = 292 - 276. Suppose 20 + 20 = 5*q. What is the highest common divisor of q and d?
8
Suppose -94*k = -82*k - 96. Suppose 0*b - 3*b + 6 = 0. Calculate the highest common divisor of k and b.
2
Suppose 2*d - 5*d + 108 = 0. Calculate the greatest common factor of d and 27.
9
Let j be (22/(-4))/((-16)/32). What is the greatest common divisor of j and 11?
11
Suppose 11 = w - g - g, 3*g + 49 = 4*w. What is the greatest common factor of 117 and w?
13
Suppose 6*y - 64 = 2*y. Suppose y = 2*f - 0*f. What is the greatest common divisor of 24 and f?
8
Let b = 6 + 1. Let a(g) = -g**3 + 7*g**2 + 9. Let y be a(b). What is the greatest common factor of 72 and y?
9
Let n = -1 - -64. Suppose -4*p + 47 = 11. Calculate the highest common divisor of p and n.
9
Suppose -54 - 22 = -4*o. Calculate the greatest common factor of 304 and o.
19
Let y(x) = 7*x - 14. Let p(l) = 7*l - 13. Let z(u) = 3*p(u) - 2*y(u). Let g be z(5). Calculate the highest common factor of g and 216.
24
Let m be 4/8 + (-21)/2. Let f = m - -20. Calculate the highest common divisor of 80 and f.
10
Let c(d) = -2*d - 3. Let l be c(-6). Let i(p) = 7*p**2 - p + 1. Let t be i(-1). What is the highest common factor of t and l?
9
Suppose 5*n + 4 - 11 = -4*h, -4 = -2*h - 2*n. Let i be (h*-1)/(6/(-308)). What is the greatest common divisor of 14 and i?
14
Suppose -31 - 5 = -3*s. Let v = 665 + -657. Calculate the greatest common factor of v and s.
4
Let f be 6/9*120/10. What is the highest common divisor of f and 64?
8
Suppose 0*d - 3*d + 63 = 5*k, 2*d + 58 = 5*k. Suppose 10 = 4*i + i. Suppose -3 = z - i*z. What is the highest common divisor of k and z?
3
Let a be 33/(-2)*(0 - 2). Calculate the greatest common divisor of 264 and a.
33
Let b(w) = 8*w**2 + 4*w + 7*w**2 - 8 - 14*w**2. Let k be b(-8). What is the greatest common factor of k and 16?
8
Let b = -22 - -152. Suppose -5*v = -b - 125. Let c(h) = 2*h**3 - 3*h**2 - 2*h - 4. Let y be c(3). What is the highest common divisor of v and y?
17
Let s be (-2 - -46) + -1 + 1 + 0. Calculate the highest common factor of 4 and s.
4
Let l = 12 + -31. Let s = -7 - l. Let w be 2/5 + (-178)/(-5). Calculate the greatest common divisor of s and w.
12
Let b(p) = -p - 5. Let g be b(-11). Calculate the highest common divisor of g and 54.
6
Let g be ((-420)/(-63))/(2 + (-16)/9). Calculate the highest common factor of 45 and g.
15
Let s(y) be the first derivative of y**3 + y**2 - 3*y - 3. Let r be -2 - 1/1*-4. Let t be s(r). Calculate the highest common divisor of t and 117.
13
Let x(y) = 3*y + 6. Let h be x(-3). Let s be h + 0 + 3 + 39. What is the highest common divisor of s and 13?
13
Let n be (180/(-40))/((-6)/32). Let y(m) = m**3 + 4*m**2 - 6*m + 4. Let w be y(-6). Let z = 48 + w. Calculate the greatest common factor of n and z.
8
Let t = -3 + 7. Suppose t*p + p + 4*h = 538, -3*h + 541 = 5*p. Calculate the greatest common divisor of 10 and p.
10
Suppose -2*z = -0*z - 168. Calculate the highest common divisor of z and 28.
28
Suppose 5*i = 369 - 69. Let g(u) = 2*u - 4. Let k be g(8). Calculate the highest common factor of k and i.
12
Let s = 7 - -38. Calculate the greatest common divisor of s and 135.
45
Suppose 26 = 4*n - 5*y, 2*n + 0*y - 3*y - 12 = 0. Suppose 265 = -13*i + 733. What is the greatest common divisor of n and i?
9
Let l(z) = z**2 - 2*z - 6. Let r be l(-4). Suppose 4*b = b + r. Suppose -5*w = 4*k - 14, 5*w = 6*k - k + 50. Calculate the greatest common factor of w and b.
6
Suppose -21*b + 123 + 381 = 0. Calculate the highest common divisor of b and 42.
6
Let z be (4/3)/((-20)/(-30)). Let l(q) = -q + 4. Let u be l(0). Suppose -u*r - 18 = -w - 4, -5*w - 5 = 5*r. Calculate the greatest common factor of z and w.
2
Suppose 2*x - 2*l = -5*l + 9, 5*l = -x - 6. What is the greatest common divisor of 144 and x?
9
Suppose -10*r + 6*r + 100 = 0. Calculate the greatest common divisor of r and 225.
25
Suppose 1 = -r - 2*s, 4*r - 3*s = 5*r - 2. Let y = 3 - r. Calculate the highest common factor of y and 10.
10
Suppose 191 + 719 = 13*p. Calculate the greatest common factor of p and 105.
35
Let h be ((-33)/(-6) + -2)*10. Calculate the highest common divisor of h and 175.
35
Let v be ((-1)/(-1))/((-1)/(-9)). Suppose 2 = 2*r, 2*f - 6*f = 4*r - 128. Let p = 50 + f. What is the highest common factor of v and p?
9
Let n(a) = -15*a + 5. Let t be n(-18). Calculate the greatest common factor of t and 25.
25
Suppose -3*g + 29 = -136. Let d = -8 - -13. What is the greatest common factor of d and g?
5
Let d be 160*(-2 + 0)*3/(-6). What is the greatest common factor of d and 5?
5
Suppose b - 1 - 3 = 0. Let u = b + 10. What is the highest common divisor of u and 7?
7
Let s be 2/3 + 13/3. Suppose f - 4 + 1 = 0. Let n = f + s. What is the greatest common factor of 40 and n?
8
Let t(f) = -33*f + 4. Let k(s) = -17*s + 2. Let o(d) = 5*k(d) - 2*t(d). Let v be o(-8). What is the greatest common divisor of v and 14?
14
Let t be 228/(-9) + 6/(-9). Let z = -16 - t. Suppose -c + 5*j = 5, -3*c + 5*c = -j + 34. Calculate the greatest common factor of z and c.
5
Let k = 201 - -30. What is the greatest common divisor of k and 21?
21
Suppose 0 = k - v, 0*k - 2*v = 4*k - 18. Let t(w) = 8*w**2 - 2. Let a be t(k). What is the highest common factor of 10 and a?
10
Let d(z) = -3*z**2 - 6*z**3 - 2*z - 1 - 1 - 2*z. Let k be d(-2). Suppose -5*w - k + 142 = 0. Calculate the greatest common divisor of w and 8.
4
Let n(q) = 2*q**2 - 3*q + 2. Let k be n(2). Let p(i) = 2*i**2 - 3*i. Let r be p(k). Calculate the highest common divisor of r and 220.
20
Let x be 8/(-4)*4/(-2). Suppose 27 = -3*v 